{"id":3108,"date":"2018-03-07T09:46:05","date_gmt":"2018-03-07T08:46:05","guid":{"rendered":"https:\/\/museosanitariovigo.es\/?post_type=imaxe&#038;p=3108"},"modified":"2018-03-07T09:46:05","modified_gmt":"2018-03-07T08:46:05","slug":"hospital-alvaro-cunqueiro","status":"publish","type":"imaxe","link":"https:\/\/museosanitariovigo.es\/es\/imaxe\/hospital-alvaro-cunqueiro\/","title":{"rendered":"Hospital \u00c1lvaro Cunqueiro"},"content":{"rendered":"<p>Selecci\u00f3n de fotograf\u00edas de la construcci\u00f3n del nuevo hospital de Vigo inaugurado en el a\u00f1o 2015. Sus obras comenzaron en el a\u00f1o 2011 e inici\u00f3 su actividad el 29 de junio del a\u00f1o 2015.<\/p>\n","protected":false},"excerpt":{"rendered":"<p>Selecci\u00f3n de fotograf\u00edas de la  construcci\u00f3n del nuevo hospital de Vigo inaugurado en el a\u00f1o 2015. Sus obras comenzaron en el a\u00f1o 2011 e inici\u00f3 su actividad el 29 de junio del a\u00f1o 2015.<\/p>\n","protected":false},"featured_media":3048,"template":"","hospital":[83],"_links":{"self":[{"href":"https:\/\/museosanitariovigo.es\/es\/wp-json\/wp\/v2\/imaxe\/3108"}],"collection":[{"href":"https:\/\/museosanitariovigo.es\/es\/wp-json\/wp\/v2\/imaxe"}],"about":[{"href":"https:\/\/museosanitariovigo.es\/es\/wp-json\/wp\/v2\/types\/imaxe"}],"wp:featuredmedia":[{"embeddable":true,"href":"https:\/\/museosanitariovigo.es\/es\/wp-json\/wp\/v2\/media\/3048"}],"wp:attachment":[{"href":"https:\/\/museosanitariovigo.es\/es\/wp-json\/wp\/v2\/media?parent=3108"}],"wp:term":[{"taxonomy":"hospital","embeddable":true,"href":"https:\/\/museosanitariovigo.es\/es\/wp-json\/wp\/v2\/hospital?post=3108"}],"curies":[{"name":"wp","href":"https:\/\/api.w.org\/{rel}","templated":true}]}}

Hospital Álvaro Cunqueiro

<p>Selección de fotografías de la construcción del nuevo hospital de Vigo inaugurado en el año 2015. Sus obras comenzaron en el año 2011 e inició su actividad el 29 de junio del año 2015.</p>

<p>Selección de fotografías de la  construcción del nuevo hospital de Vigo inaugurado en el año 2015. Sus obras comenzaron en el año 2011 e inició su actividad el 29 de junio del año 2015.</p>
