{"id":3113,"date":"2018-03-07T09:45:55","date_gmt":"2018-03-07T08:45:55","guid":{"rendered":"https:\/\/museosanitariovigo.es\/?post_type=imaxe&#038;p=3113"},"modified":"2018-03-07T09:45:55","modified_gmt":"2018-03-07T08:45:55","slug":"hospital-xeral-antiguo-hospital-almirante-vierna","status":"publish","type":"imaxe","link":"https:\/\/museosanitariovigo.es\/es\/imaxe\/hospital-xeral-antiguo-hospital-almirante-vierna\/","title":{"rendered":"Hospital Xeral, antiguo Hospital Almirante Vierna"},"content":{"rendered":"<div class=\"col_b\">\n<div class=\"textbox\">\n<div id=\"contenedor\" class=\"textarea unknown\">El 16 de septiembre de 1955, Francisco Franco inaugura la Residencia Sanitaria Almirante Vierna, del Instituto Nacional de Previsi\u00f3n ( INP). Se abre con 140 camas y con 215 trabajadores (38 m\u00e9dicos). Esta es una selecci\u00f3n de fotograf\u00edas que corresponden al nacimiento y funcionamiento de la antigua Residencia- Hospital Almirante Vierna.<\/div>\n<div><\/div>\n<div class=\"textarea unknown\">Por orden podemos ver a grupos de trabajadores en las dependencias de las cocinas del antiguo Almirante Vierna- ya en desuso Hospital Xeral. Enfermeras de la \u00e9poca en el momento de su inauguraci\u00f3n. Tambi\u00e9n distinguimos las primeras im\u00e1genes de la estructura del Hospital en el momento de su construcci\u00f3n.<\/div>\n<div><\/div>\n<div class=\"textarea unknown\">Diversas celebraciones, ni\u00f1os enfermos en las camas del Hospital en la unidad de pediatr\u00eda. Enfermeras con el uniforme de la \u00e9poca. Religiosas colaboradoras del Hospital con las enfermeras. Enfermeras en una de las salas de atenci\u00f3n a los pacientes y en las azoteas. Enfermos atendidos por una enfermera y una visita. Una enfermera en la unidad de neonatos con los reci\u00e9n nacidos.<\/div>\n<div><\/div>\n<div class=\"textarea unknown\">Un doctor de atenci\u00f3n primaria arreglando un brazo a un paciente tras romperse el miembro. Diversas figuras como el Doctor Santalices, y las correspondientes visitas al Xeral- C\u00edes por parte de las autoridades competentes. Vista del Xeral en el momento de su construcci\u00f3n y vista a\u00e9rea de Vigo y el Pirul\u00ed en lo alto.<\/div>\n<\/div>\n<\/div>\n","protected":false},"excerpt":{"rendered":"<p>El 16 de septiembre de 1955, Francisco Franco inaugura la Residencia Sanitaria Almirante  Vierna, del Instituto Nacional de Previsi\u00f3n ( INP). Se abre con 140 camas y con 215 trabajadores (38 m\u00e9dicos).<\/p>\n","protected":false},"featured_media":2928,"template":"","hospital":[87],"_links":{"self":[{"href":"https:\/\/museosanitariovigo.es\/es\/wp-json\/wp\/v2\/imaxe\/3113"}],"collection":[{"href":"https:\/\/museosanitariovigo.es\/es\/wp-json\/wp\/v2\/imaxe"}],"about":[{"href":"https:\/\/museosanitariovigo.es\/es\/wp-json\/wp\/v2\/types\/imaxe"}],"wp:featuredmedia":[{"embeddable":true,"href":"https:\/\/museosanitariovigo.es\/es\/wp-json\/wp\/v2\/media\/2928"}],"wp:attachment":[{"href":"https:\/\/museosanitariovigo.es\/es\/wp-json\/wp\/v2\/media?parent=3113"}],"wp:term":[{"taxonomy":"hospital","embeddable":true,"href":"https:\/\/museosanitariovigo.es\/es\/wp-json\/wp\/v2\/hospital?post=3113"}],"curies":[{"name":"wp","href":"https:\/\/api.w.org\/{rel}","templated":true}]}}

<div class="col_b">
<div class="textbox">
<div id="contenedor" class="textarea unknown">El 16 de septiembre de 1955, Francisco Franco inaugura la Residencia Sanitaria Almirante Vierna, del Instituto Nacional de Previsión ( INP). Se abre con 140 camas y con 215 trabajadores (38 médicos). Esta es una selección de fotografías que corresponden al nacimiento y funcionamiento de la antigua Residencia- Hospital Almirante Vierna.</div>
<div></div>
<div class="textarea unknown">Por orden podemos ver a grupos de trabajadores en las dependencias de las cocinas del antiguo Almirante Vierna- ya en desuso Hospital Xeral. Enfermeras de la época en el momento de su inauguración. También distinguimos las primeras imágenes de la estructura del Hospital en el momento de su construcción.</div>
<div></div>
<div class="textarea unknown">Diversas celebraciones, niños enfermos en las camas del Hospital en la unidad de pediatría. Enfermeras con el uniforme de la época. Religiosas colaboradoras del Hospital con las enfermeras. Enfermeras en una de las salas de atención a los pacientes y en las azoteas. Enfermos atendidos por una enfermera y una visita. Una enfermera en la unidad de neonatos con los recién nacidos.</div>
<div></div>
<div class="textarea unknown">Un doctor de atención primaria arreglando un brazo a un paciente tras romperse el miembro. Diversas figuras como el Doctor Santalices, y las correspondientes visitas al Xeral- Cíes por parte de las autoridades competentes. Vista del Xeral en el momento de su construcción y vista aérea de Vigo y el Pirulí en lo alto.</div>
</div>
</div>

<p>El 16 de septiembre de 1955, Francisco Franco inaugura la Residencia Sanitaria Almirante  Vierna, del Instituto Nacional de Previsión ( INP). Se abre con 140 camas y con 215 trabajadores (38 médicos).</p>
